 1017?
9
Calculate the highest common divisor of 42 and 1506.
6
Calculate the greatest common factor of 48861 and 549.
549
What is the highest common factor of 366 and 99369?
183
Calculate the highest common factor of 96 and 70304.
32
Calculate the greatest common factor of 907500 and 36.
12
What is the highest common divisor of 12 and 546?
6
What is the greatest common factor of 675250 and 74?
74
Calculate the greatest common divisor of 4313 and 258099.
227
Calculate the highest common divisor of 40 and 16419380.
20
Calculate the greatest common factor of 13 and 191633.
13
Calculate the greatest common divisor of 18868 and 1908.
212
What is the highest common divisor of 2355025 and 25?
25
Calculate the highest common divisor of 875 and 638375.
125
What is the highest common factor of 159 and 75631?
53
Calculate the greatest common divisor of 20988 and 3339.
477
What is the highest common factor of 217078 and 1244?
622
What is the greatest common factor of 11475 and 2160?
135
What is the highest common factor of 45 and 11835?
45
Calculate the greatest common factor of 40898 and 78.
26
Calculate the greatest common divisor of 272 and 6751312.
272
Calculate the greatest common factor of 53559 and 2376.
99
What is the greatest common divisor of 12223 and 323?
17
Calculate the greatest common divisor of 2176 and 22712.
136
Calculate the highest common divisor of 111795 and 8555.
145
Calculate the greatest common factor of 50 and 36175.
25
Calculate the highest common divisor of 2238600 and 4095.
1365
Calculate the greatest common factor of 25 and 336125.
25
What is the greatest common factor of 886 and 87271?
443
Calculate the highest common factor of 15693 and 363.
3
What is the greatest common divisor of 580883 and 211?
211
Calculate the greatest common divisor of 1109661 and 21.
21
What is the highest common divisor of 2046 and 4422?
66
What is the greatest common factor of 267 and 341493?
267
What is the greatest common factor of 36 and 3123?
9
Calculate the highest common factor of 309 and 1253922.
309
Calculate the highest common factor of 32825 and 195.
65
Calculate the greatest common divisor of 1776464 and 240.
16
What is the greatest common factor of 3224235 and 315?
105
Calculate the highest common divisor of 1731 and 404477.
577
What is the greatest common factor of 226352 and 7826?
602
What is the greatest common divisor of 4275 and 2717?
19
What is the greatest common factor of 48 and 87056?
16
Calculate the greatest common factor of 8601 and 52593.
141
What is the greatest common factor of 66 and 96897?
3
Calculate the greatest common divisor of 28842 and 42826.
874
What is the highest common factor of 4418 and 658?
94
What is the highest common factor of 2421150 and 1350?
150
What is the greatest common divisor of 12499 and 380573?
431
Calculate the highest common divisor of 56 and 74788.
28
What is the highest common divisor of 17806 and 14736?
614
Calculate the greatest common factor of 35 and 791.
7
What is the highest common divisor of 18288 and 72?
72
What is the highest common factor of 194874 and 6?
6
Calculate the greatest common divisor of 2988 and 96.
12
What is the highest common factor of 175290 and 60?
30
What is the greatest common factor of 11 and 11719763?
11
Calculate the highest common divisor of 174304 and 2080.
416
What is the highest common factor of 8432 and 393584?
272
What is the greatest common factor of 11346 and 18786?
186
What is the greatest common divisor of 8648 and 621?
23
Calculate the greatest common divisor of 120247 and 1.
1
What is the highest common factor of 340520 and 40?
40
What is the greatest common divisor of 405 and 40095?
405
Calculate the highest common divisor of 15 and 790120.
5
What is the highest common factor of 8256 and 8531200?
2752
Calculate the greatest common divisor of 45219 and 24.
3
Calculate the greatest common factor of 5672 and 492.
4
Calculate the highest common divisor of 89067 and 33.
33
What is the greatest common divisor of 25904 and 32?
16
What is the greatest common divisor of 567311 and 821?
821
Calculate the highest common divisor of 34 and 629.
17
Calculate the greatest common factor of 94188 and 24.
12
Calculate the greatest common divisor of 142891 and 13559.
1043
What is the highest common divisor of 38 and 483664?
38
What is the greatest common factor of 16567097 and 937?
937
What is the greatest common factor of 532 and 1659004?
76
What is the highest common factor of 9 and 208215?
9
Calculate the greatest common divisor of 20129481 and 1017.
1017
What is the highest common factor of 7100 and 7526?
142
What is the greatest common factor of 12012 and 2233?
77
Calculate the highest common factor of 48 and 1588080.
48
Calculate the greatest common divisor of 33 and 5722409.
11
Calculate the greatest common divisor of 3744 and 74178.
234
Calculate the greatest common divisor of 48 and 185964.
12
What is the highest common factor of 163514 and 7904?
494
What is the greatest common factor of 327996 and 126?
18
What is the highest common factor of 300 and 385100?
100
What is the highest common factor of 1189 and 593311?
1189
Calculate the greatest common factor of 6831 and 189.
27
What is the highest common divisor of 356 and 3218596?
356
What is the highest common divisor of 155 and 960?
5
Calculate the highest common factor of 230 and 49530.
10
Calculate the highest common factor of 170102 and 238.
34
Calculate the greatest common divisor of 60905 and 130.
65
What is the greatest common divisor of 366752 and 32?
32
Calculate the highest common divisor of 37 and 442483.
37
Calculate the highest common factor of 636818 and 546.
182
What is the greatest common divisor of 24 and 14922?
6
Calculate the greatest common factor of 1504 and 3666.
94
What is the greatest common factor of 186 and 5261258?
62
Calculate the greatest common factor of 25 and 24775.
25
What is the greatest common factor of 1484 and 88298?
742
What is the highest common divisor of 25416 and 292637?
353
Calculate the highest common divisor of 440 and 41008.
88
What is the greatest common divisor of 8 and 3480328?
8
What is the greatest common factor of 4401670 and 10?
10
Calculate the greatest common factor of 225810 and 579.
579
Calculate the highest common factor of 1436 and 1275886.
718
What is the greatest common divisor of 4988420 and 20?
20
Calculate the greatest common factor of 20622 and 336.
42
What is the greatest common divisor of 316935 and 150?
15
What is the highest common factor of 14454 and 4234?
146
Calculate the highest common divisor of 40067 and 1167.
389
What is the greatest common factor of 1216 and 13756?
76
What is the highest common factor of 873 and 1548?
9
What is the greatest common divisor of 777328 and 228?
76
Calculate the highest common factor of 21 and 291702.
3
What is the highest common divisor of 18020 and 107060?
1060
Calculate the highest common divisor of 1575366 and 156.
78
Calculate the greatest common divisor of 13084632 and 2376.
2376
Calculate the highest common divisor of 50 and 2360.
10
What is the greatest common divisor of 264172 and 12?
4
Calculate the highest common factor of 6344 and 4264.
104
What is the greatest common divisor of 492 and 346?
2
What is the highest common factor of 234 and 97002?
18
Calculate the highest common divisor of 90 and 63240.
30
What is the greatest common factor of 1326 and 3009?
51
What is the highest common factor of 54243 and 7?
7
What is the greatest common factor of 15 and 2425?
5
Calculate the greatest common divisor of 693795 and 60.
15
Calculate the greatest common divisor of 4551 and 1940243.
1517
What is the highest common divisor of 4110825 and 2950?
1475
Calculate the greatest common divisor of 2174927 and 123.
41
What is the greatest common factor of 15 and 19195?
5
What is the highest common divisor of 46897 and 115?
23
What is the highest common divisor of 1430 and 3795?
55
What is the highest common factor of 329 and 296617?
47
Calculate the highest common factor of 6705 and 2745.
45
What is the highest common factor of 4650036 and 12?
12
Calculate the greatest common factor of 300 and 82104.
12
Calculate the greatest common factor of 3230 and 38280.
10
Calculate the greatest common factor of 6 